{"id":110,"date":"2021-03-29T13:34:53","date_gmt":"2021-03-29T10:34:53","guid":{"rendered":"http:\/\/siirto.vikenpelti.fi\/?page_id=110"},"modified":"2021-04-07T11:35:36","modified_gmt":"2021-04-07T08:35:36","slug":"vesikourut","status":"publish","type":"page","link":"https:\/\/vikenpelti.ngmprojektit.fi\/index.php\/vesikourut\/","title":{"rendered":"Vesikourut"},"content":{"rendered":"\t\t<div data-elementor-type=\"wp-page\" data-elementor-id=\"110\" class=\"elementor elementor-110\" data-elementor-settings=\"[]\">\n\t\t\t\t\t\t\t<div class=\"elementor-section-wrap\">\n\t\t\t\t\t\t\t<section class=\"elementor-section elementor-top-section elementor-element elementor-element-816d874 elementor-section-boxed elementor-section-height-default elementor-section-height-default\" data-id=\"816d874\" data-element_type=\"section\">\n\t\t\t\t\t\t<div class=\"elementor-container elementor-column-gap-default\">\n\t\t\t\t\t<div class=\"elementor-column elementor-col-100 elementor-top-column elementor-element elementor-element-e341b33\" data-id=\"e341b33\" data-element_type=\"column\">\n\t\t\t<div class=\"elementor-widget-wrap elementor-element-populated\">\n\t\t\t\t\t\t\t\t<div class=\"elementor-element elementor-element-70c3eb4 elementor-widget elementor-widget-heading\" data-id=\"70c3eb4\" data-element_type=\"widget\" data-widget_type=\"heading.default\">\n\t\t\t\t<div class=\"elementor-widget-container\">\n\t\t\t<h1 class=\"elementor-heading-title elementor-size-default\">Sadevesij\u00e4rjestelm\u00e4 Jyv\u00e4skyl\u00e4 - Vesikourut <\/h1>\t\t<\/div>\n\t\t\t\t<\/div>\n\t\t\t\t\t<\/div>\n\t\t<\/div>\n\t\t\t\t\t\t\t<\/div>\n\t\t<\/section>\n\t\t\t\t<section class=\"elementor-section elementor-top-section elementor-element elementor-element-03e8db2 elementor-section-boxed elementor-section-height-default elementor-section-height-default\" data-id=\"03e8db2\" data-element_type=\"section\">\n\t\t\t\t\t\t<div class=\"elementor-container elementor-column-gap-default\">\n\t\t\t\t\t<div class=\"elementor-column elementor-col-50 elementor-top-column elementor-element elementor-element-bd8154e\" data-id=\"bd8154e\" data-element_type=\"column\">\n\t\t\t<div class=\"elementor-widget-wrap elementor-element-populated\">\n\t\t\t\t\t\t\t\t<div class=\"elementor-element elementor-element-5eddb16 elementor-widget elementor-widget-text-editor\" data-id=\"5eddb16\" data-element_type=\"widget\" data-widget_type=\"text-editor.default\">\n\t\t\t\t<div class=\"elementor-widget-container\">\n\t\t\t\t\t\t\t\t<p><strong>J\u00e4t\u00e4 kourujen uusiminen lapsenlapsillesi ja ota meilt\u00e4 kunnon tavaraa!<\/strong><\/p><p>R\u00e4yst\u00e4skourut ovat meill\u00e4 mallista riippumatta molemmin puolin Pural pinnoitettua 0,5mm pelti\u00e4.<br \/>Teemme my\u00f6s sis\u00e4kourujen uusimisia vanhoihin tuplakouruihin ja piilokouruihin Jyv\u00e4skyl\u00e4ss\u00e4 ja l\u00e4hialueilla.<\/p><p>Sadevesij\u00e4rjestelm\u00e4n teht\u00e4v\u00e4n\u00e4 on ker\u00e4t\u00e4 sadevesi ja siirt\u00e4\u00e4 se turvallisesti pois rakennuksen l\u00e4heisyydest\u00e4. Puutteellinen sadevesij\u00e4rjestelm\u00e4 on todettu yhdeksi merkitt\u00e4v\u00e4ksi syyksi suomalaisten kotien homevaurioihin. Kokonaan puuttuva tai vuotava sadevesij\u00e4rjestelm\u00e4 aiheuttaa seinien ja perusteiden kostumista, likaantumista ja maan sy\u00f6pymist\u00e4 r\u00e4yst\u00e4iden alta.<\/p><p>Puolipy\u00f6re\u00e4 kouru ulkopuolisella kannakkeella on maailman eniten myyty sadevesij\u00e4rjestelm\u00e4. Muotonsa ansiosta kourumallin vet\u00e4vyys on hyv\u00e4 ja ulkopuolinen kannake tekee siit\u00e4 helposti puhdistettavan. Asianmukaisesti ja tarkasti asennetut sy\u00f6ksytorvet sek\u00e4 r\u00e4nnit varmistavat sadevesij\u00e4rjestelm\u00e4n toimivuuden ja mahdollisuuden ohjata sadevedet loitomalle talon seinist\u00e4 ja perustuksista.<\/p>\t\t\t\t\t\t<\/div>\n\t\t\t\t<\/div>\n\t\t\t\t<div class=\"elementor-element elementor-element-52a036f elementor-widget elementor-widget-image\" data-id=\"52a036f\" data-element_type=\"widget\" data-widget_type=\"image.default\">\n\t\t\t\t<div class=\"elementor-widget-container\">\n\t\t\t\t\t\t\t\t\t\t\t\t\t\t\t<img loading=\"lazy\" decoding=\"async\" width=\"843\" height=\"474\" src=\"https:\/\/vikenpelti.ngmprojektit.fi\/wp-content\/uploads\/2021\/03\/vesikouru.jpg\" class=\"attachment-large size-large\" alt=\"\" srcset=\"https:\/\/vikenpelti.ngmprojektit.fi\/wp-content\/uploads\/2021\/03\/vesikouru.jpg 1500w, https:\/\/vikenpelti.ngmprojektit.fi\/wp-content\/uploads\/2021\/03\/vesikouru-300x169.jpg 300w, https:\/\/vikenpelti.ngmprojektit.fi\/wp-content\/uploads\/2021\/03\/vesikouru-768x432.jpg 768w\" sizes=\"auto, (max-width: 843px) 100vw, 843px\" \/>\t\t\t\t\t\t\t\t\t\t\t\t\t\t\t<\/div>\n\t\t\t\t<\/div>\n\t\t\t\t\t<\/div>\n\t\t<\/div>\n\t\t\t\t<div class=\"elementor-column elementor-col-50 elementor-top-column elementor-element elementor-element-1eda1fd\" data-id=\"1eda1fd\" data-element_type=\"column\">\n\t\t\t<div class=\"elementor-widget-wrap elementor-element-populated\">\n\t\t\t\t\t\t\t\t<div class=\"elementor-element elementor-element-cbfd3e9 elementor-widget elementor-widget-image\" data-id=\"cbfd3e9\" data-element_type=\"widget\" data-widget_type=\"image.default\">\n\t\t\t\t<div class=\"elementor-widget-container\">\n\t\t\t\t\t\t\t\t\t\t\t\t\t\t\t<img loading=\"lazy\" decoding=\"async\" width=\"843\" height=\"353\" src=\"https:\/\/vikenpelti.ngmprojektit.fi\/wp-content\/uploads\/2021\/03\/vesikouru2.jpg\" class=\"attachment-large size-large\" alt=\"\" srcset=\"https:\/\/vikenpelti.ngmprojektit.fi\/wp-content\/uploads\/2021\/03\/vesikouru2.jpg 2000w, https:\/\/vikenpelti.ngmprojektit.fi\/wp-content\/uploads\/2021\/03\/vesikouru2-300x126.jpg 300w, https:\/\/vikenpelti.ngmprojektit.fi\/wp-content\/uploads\/2021\/03\/vesikouru2-768x321.jpg 768w, https:\/\/vikenpelti.ngmprojektit.fi\/wp-content\/uploads\/2021\/03\/vesikouru2-1536x643.jpg 1536w\" sizes=\"auto, (max-width: 843px) 100vw, 843px\" \/>\t\t\t\t\t\t\t\t\t\t\t\t\t\t\t<\/div>\n\t\t\t\t<\/div>\n\t\t\t\t<div class=\"elementor-element elementor-element-36a0454 elementor-widget elementor-widget-image\" data-id=\"36a0454\" data-element_type=\"widget\" data-widget_type=\"image.default\">\n\t\t\t\t<div class=\"elementor-widget-container\">\n\t\t\t\t\t\t\t\t\t\t\t\t\t\t\t<img loading=\"lazy\" decoding=\"async\" width=\"843\" height=\"410\" src=\"https:\/\/vikenpelti.ngmprojektit.fi\/wp-content\/uploads\/2021\/03\/vesikouru3.jpg\" class=\"attachment-large size-large\" alt=\"\" srcset=\"https:\/\/vikenpelti.ngmprojektit.fi\/wp-content\/uploads\/2021\/03\/vesikouru3.jpg 2000w, https:\/\/vikenpelti.ngmprojektit.fi\/wp-content\/uploads\/2021\/03\/vesikouru3-300x146.jpg 300w, https:\/\/vikenpelti.ngmprojektit.fi\/wp-content\/uploads\/2021\/03\/vesikouru3-768x373.jpg 768w, https:\/\/vikenpelti.ngmprojektit.fi\/wp-content\/uploads\/2021\/03\/vesikouru3-1536x746.jpg 1536w\" sizes=\"auto, (max-width: 843px) 100vw, 843px\" \/>\t\t\t\t\t\t\t\t\t\t\t\t\t\t\t<\/div>\n\t\t\t\t<\/div>\n\t\t\t\t<div class=\"elementor-element elementor-element-98a3885 elementor-widget elementor-widget-image\" data-id=\"98a3885\" data-element_type=\"widget\" data-widget_type=\"image.default\">\n\t\t\t\t<div class=\"elementor-widget-container\">\n\t\t\t\t\t\t\t\t\t\t\t\t\t\t\t<img loading=\"lazy\" decoding=\"async\" width=\"843\" height=\"410\" src=\"https:\/\/vikenpelti.ngmprojektit.fi\/wp-content\/uploads\/2021\/03\/veiskouru4.jpg\" class=\"attachment-large size-large\" alt=\"\" srcset=\"https:\/\/vikenpelti.ngmprojektit.fi\/wp-content\/uploads\/2021\/03\/veiskouru4.jpg 2000w, https:\/\/vikenpelti.ngmprojektit.fi\/wp-content\/uploads\/2021\/03\/veiskouru4-300x146.jpg 300w, https:\/\/vikenpelti.ngmprojektit.fi\/wp-content\/uploads\/2021\/03\/veiskouru4-768x373.jpg 768w, https:\/\/vikenpelti.ngmprojektit.fi\/wp-content\/uploads\/2021\/03\/veiskouru4-1536x746.jpg 1536w\" sizes=\"auto, (max-width: 843px) 100vw, 843px\" \/>\t\t\t\t\t\t\t\t\t\t\t\t\t\t\t<\/div>\n\t\t\t\t<\/div>\n\t\t\t\t\t<\/div>\n\t\t<\/div>\n\t\t\t\t\t\t\t<\/div>\n\t\t<\/section>\n\t\t\t\t\t\t<\/div>\n\t\t\t\t\t<\/div>\n\t\t","protected":false},"excerpt":{"rendered":"<p>Sadevesij\u00e4rjestelm\u00e4 Jyv\u00e4skyl\u00e4 &#8211; Vesikourut J\u00e4t\u00e4 kourujen uusiminen lapsenlapsillesi ja ota meilt\u00e4 kunnon tavaraa! R\u00e4yst\u00e4skourut ovat meill\u00e4 mallista riippumatta molemmin puolin Pural pinnoitettua 0,5mm pelti\u00e4. Teemme&hellip;<\/p>\n","protected":false},"author":2,"featured_media":0,"parent":0,"menu_order":0,"comment_status":"closed","ping_status":"closed","template":"","meta":{"footnotes":""},"class_list":["post-110","page","type-page","status-publish","hentry"],"yoast_head":"<!-- This site is optimized with the Yoast SEO plugin v16.1.1 - https:\/\/yoast.com\/wordpress\/plugins\/seo\/ -->\n<title>Sadevesij\u00e4rjestelm\u00e4 Jyv\u00e4skyl\u00e4 - Viken Pelti Oy<\/title>\n<meta name=\"description\" content=\"Saat meilt\u00e4 laadukkaat sadevesij\u00e4rjestelm\u00e4t ja r\u00e4yst\u00e4skourut asennettuna. Sadevesij\u00e4rjestelm\u00e4 ker\u00e4\u00e4 sadeveden ja siirt\u00e4\u00e4 sen pois rakennuksen l\u00e4heisyydest\u00e4!\" \/>\n<link rel=\"canonical\" href=\"https:\/\/vikenpelti.ngmprojektit.fi\/index.php\/vesikourut\/\" \/>\n<meta property=\"og:locale\" content=\"fi_FI\" \/>\n<meta property=\"og:type\" content=\"article\" \/>\n<meta property=\"og:title\" content=\"Sadevesij\u00e4rjestelm\u00e4 Jyv\u00e4skyl\u00e4 - Viken Pelti Oy\" \/>\n<meta property=\"og:description\" content=\"Saat meilt\u00e4 laadukkaat sadevesij\u00e4rjestelm\u00e4t ja r\u00e4yst\u00e4skourut asennettuna. Sadevesij\u00e4rjestelm\u00e4 ker\u00e4\u00e4 sadeveden ja siirt\u00e4\u00e4 sen pois rakennuksen l\u00e4heisyydest\u00e4!\" \/>\n<meta property=\"og:url\" content=\"https:\/\/vikenpelti.ngmprojektit.fi\/index.php\/vesikourut\/\" \/>\n<meta property=\"og:site_name\" content=\"Viken Pelti Oy\" \/>\n<meta property=\"article:modified_time\" content=\"2021-04-07T08:35:36+00:00\" \/>\n<meta property=\"og:image\" content=\"https:\/\/vikenpelti.ngmprojektit.fi\/wp-content\/uploads\/2021\/03\/vesikouru.jpg\" \/>\n<meta name=\"twitter:card\" content=\"summary_large_image\" \/>\n<meta name=\"twitter:label1\" content=\"Arvioitu lukuaika\">\n\t<meta name=\"twitter:data1\" content=\"2 minuuttia\">\n<script type=\"application\/ld+json\" class=\"yoast-schema-graph\">{\"@context\":\"https:\/\/schema.org\",\"@graph\":[{\"@type\":\"WebSite\",\"@id\":\"https:\/\/vikenpelti.ngmprojektit.fi\/#website\",\"url\":\"https:\/\/vikenpelti.ngmprojektit.fi\/\",\"name\":\"Viken Pelti Oy\",\"description\":\"\",\"potentialAction\":[{\"@type\":\"SearchAction\",\"target\":\"https:\/\/vikenpelti.ngmprojektit.fi\/?s={search_term_string}\",\"query-input\":\"required name=search_term_string\"}],\"inLanguage\":\"fi\"},{\"@type\":\"ImageObject\",\"@id\":\"https:\/\/vikenpelti.ngmprojektit.fi\/index.php\/vesikourut\/#primaryimage\",\"inLanguage\":\"fi\",\"url\":\"https:\/\/vikenpelti.ngmprojektit.fi\/wp-content\/uploads\/2021\/03\/vesikouru.jpg\",\"contentUrl\":\"https:\/\/vikenpelti.ngmprojektit.fi\/wp-content\/uploads\/2021\/03\/vesikouru.jpg\",\"width\":1500,\"height\":844},{\"@type\":\"WebPage\",\"@id\":\"https:\/\/vikenpelti.ngmprojektit.fi\/index.php\/vesikourut\/#webpage\",\"url\":\"https:\/\/vikenpelti.ngmprojektit.fi\/index.php\/vesikourut\/\",\"name\":\"Sadevesij\\u00e4rjestelm\\u00e4 Jyv\\u00e4skyl\\u00e4 - Viken Pelti Oy\",\"isPartOf\":{\"@id\":\"https:\/\/vikenpelti.ngmprojektit.fi\/#website\"},\"primaryImageOfPage\":{\"@id\":\"https:\/\/vikenpelti.ngmprojektit.fi\/index.php\/vesikourut\/#primaryimage\"},\"datePublished\":\"2021-03-29T10:34:53+00:00\",\"dateModified\":\"2021-04-07T08:35:36+00:00\",\"description\":\"Saat meilt\\u00e4 laadukkaat sadevesij\\u00e4rjestelm\\u00e4t ja r\\u00e4yst\\u00e4skourut asennettuna. Sadevesij\\u00e4rjestelm\\u00e4 ker\\u00e4\\u00e4 sadeveden ja siirt\\u00e4\\u00e4 sen pois rakennuksen l\\u00e4heisyydest\\u00e4!\",\"breadcrumb\":{\"@id\":\"https:\/\/vikenpelti.ngmprojektit.fi\/index.php\/vesikourut\/#breadcrumb\"},\"inLanguage\":\"fi\",\"potentialAction\":[{\"@type\":\"ReadAction\",\"target\":[\"https:\/\/vikenpelti.ngmprojektit.fi\/index.php\/vesikourut\/\"]}]},{\"@type\":\"BreadcrumbList\",\"@id\":\"https:\/\/vikenpelti.ngmprojektit.fi\/index.php\/vesikourut\/#breadcrumb\",\"itemListElement\":[{\"@type\":\"ListItem\",\"position\":1,\"item\":{\"@type\":\"WebPage\",\"@id\":\"https:\/\/vikenpelti.ngmprojektit.fi\/\",\"url\":\"https:\/\/vikenpelti.ngmprojektit.fi\/\",\"name\":\"Etusivu\"}},{\"@type\":\"ListItem\",\"position\":2,\"item\":{\"@type\":\"WebPage\",\"@id\":\"https:\/\/vikenpelti.ngmprojektit.fi\/index.php\/vesikourut\/\",\"url\":\"https:\/\/vikenpelti.ngmprojektit.fi\/index.php\/vesikourut\/\",\"name\":\"Vesikourut\"}}]}]}<\/script>\n<!-- \/ Yoast SEO plugin. -->","_links":{"self":[{"href":"https:\/\/vikenpelti.ngmprojektit.fi\/index.php\/wp-json\/wp\/v2\/pages\/110","targetHints":{"allow":["GET"]}}],"collection":[{"href":"https:\/\/vikenpelti.ngmprojektit.fi\/index.php\/wp-json\/wp\/v2\/pages"}],"about":[{"href":"https:\/\/vikenpelti.ngmprojektit.fi\/index.php\/wp-json\/wp\/v2\/types\/page"}],"author":[{"embeddable":true,"href":"https:\/\/vikenpelti.ngmprojektit.fi\/index.php\/wp-json\/wp\/v2\/users\/2"}],"replies":[{"embeddable":true,"href":"https:\/\/vikenpelti.ngmprojektit.fi\/index.php\/wp-json\/wp\/v2\/comments?post=110"}],"version-history":[{"count":31,"href":"https:\/\/vikenpelti.ngmprojektit.fi\/index.php\/wp-json\/wp\/v2\/pages\/110\/revisions"}],"predecessor-version":[{"id":1460,"href":"https:\/\/vikenpelti.ngmprojektit.fi\/index.php\/wp-json\/wp\/v2\/pages\/110\/revisions\/1460"}],"wp:attachment":[{"href":"https:\/\/vikenpelti.ngmprojektit.fi\/index.php\/wp-json\/wp\/v2\/media?parent=110"}],"curies":[{"name":"wp","href":"https:\/\/api.w.org\/{rel}","templated":true}]}}